{"id":514,"date":"2019-08-17T19:27:39","date_gmt":"2019-08-17T17:27:39","guid":{"rendered":"http:\/\/beatsoft.eu\/?page_id=514"},"modified":"2019-08-17T20:15:14","modified_gmt":"2019-08-17T18:15:14","slug":"zarzadzanie-projektem","status":"publish","type":"page","link":"https:\/\/beatsoft.eu\/index.php\/zarzadzanie-projektem\/","title":{"rendered":"Zarz\u0105dzanie Projektem"},"content":{"rendered":"\t\t<div data-elementor-type=\"wp-post\" data-elementor-id=\"514\" class=\"elementor elementor-514\">\n\t\t\t\t\t\t<section class=\"elementor-section elementor-top-section elementor-element elementor-element-1a58cfd4 elementor-section-content-middle elementor-section-boxed elementor-section-height-default elementor-section-height-default\" data-id=\"1a58cfd4\" data-element_type=\"section\" data-settings=\"{&quot;background_background&quot;:&quot;classic&quot;}\">\n\t\t\t\t\t\t\t<div class=\"elementor-background-overlay\"><\/div>\n\t\t\t\t\t\t\t<div class=\"elementor-container elementor-column-gap-no\">\n\t\t\t\t\t<div class=\"elementor-column elementor-col-50 elementor-top-column elementor-element elementor-element-7a42fc13\" data-id=\"7a42fc13\" data-element_type=\"column\" data-settings=\"{&quot;background_background&quot;:&quot;classic&quot;}\">\n\t\t\t<div class=\"elementor-widget-wrap elementor-element-populated\">\n\t\t\t\t\t\t<div class=\"elementor-element elementor-element-71fd5ebe elementor-widget elementor-widget-heading\" data-id=\"71fd5ebe\" data-element_type=\"widget\" data-widget_type=\"heading.default\">\n\t\t\t\t<div class=\"elementor-widget-container\">\n\t\t\t<h3 class=\"elementor-heading-title elementor-size-default\">Wszystko jest projektem<\/h3>\t\t<\/div>\n\t\t\t\t<\/div>\n\t\t\t\t<div class=\"elementor-element elementor-element-1d11cda8 elementor-widget elementor-widget-heading\" data-id=\"1d11cda8\" data-element_type=\"widget\" data-widget_type=\"heading.default\">\n\t\t\t\t<div class=\"elementor-widget-container\">\n\t\t\t<h2 class=\"elementor-heading-title elementor-size-default\">Zarz\u0105dzanie projektem<\/h2>\t\t<\/div>\n\t\t\t\t<\/div>\n\t\t\t\t<div class=\"elementor-element elementor-element-40677185 elementor-widget elementor-widget-text-editor\" data-id=\"40677185\" data-element_type=\"widget\" data-widget_type=\"text-editor.default\">\n\t\t\t\t<div class=\"elementor-widget-container\">\n\t\t\t\t\t\t\t<p>Niezale\u017cnie czy jeste\u015b ma\u0142ym, \u015brednim lub du\u017cym przedsi\u0119biorstwem. Dzia\u0142asz w sektorze publicznym czy prywatnym. Jeste\u015b firm\u0105 produkcyjn\u0105 lub us\u0142ugow\u0105. BeatSoft dzi\u0119ki do\u015bwiadczeniu i wiedzy przeprowadzi Ci\u0119 przez wszystkie etapy projektu i pomo\u017ce w osi\u0105gni\u0119ciu ko\u0144cowego sukcesu.<\/p>\t\t\t\t\t\t<\/div>\n\t\t\t\t<\/div>\n\t\t\t\t<div class=\"elementor-element elementor-element-77fcda82 elementor-widget-divider--view-line elementor-invisible elementor-widget elementor-widget-divider\" data-id=\"77fcda82\" data-element_type=\"widget\" data-settings=\"{&quot;_animation&quot;:&quot;fadeInUp&quot;}\" data-widget_type=\"divider.default\">\n\t\t\t\t<div class=\"elementor-widget-container\">\n\t\t\t\t\t<div class=\"elementor-divider\">\n\t\t\t<span class=\"elementor-divider-separator\">\n\t\t\t\t\t\t<\/span>\n\t\t<\/div>\n\t\t\t\t<\/div>\n\t\t\t\t<\/div>\n\t\t\t\t\t<\/div>\n\t\t<\/div>\n\t\t\t\t<div class=\"elementor-column elementor-col-50 elementor-top-column elementor-element elementor-element-c15614c\" data-id=\"c15614c\" data-element_type=\"column\">\n\t\t\t<div class=\"elementor-widget-wrap elementor-element-populated\">\n\t\t\t\t\t\t<div class=\"elementor-element elementor-element-5be37e5 elementor-invisible elementor-widget elementor-widget-image\" data-id=\"5be37e5\" data-element_type=\"widget\" data-settings=\"{&quot;_animation&quot;:&quot;fadeIn&quot;}\" data-widget_type=\"image.default\">\n\t\t\t\t<div class=\"elementor-widget-container\">\n\t\t\t\t\t\t\t\t\t\t\t\t\t<img decoding=\"async\" src=\"https:\/\/beatsoft.eu\/wp-content\/uploads\/2019\/08\/charts-data-desk-669615.jpg\" title=\"charts-data-desk-669615\" alt=\"\" loading=\"lazy\" \/>\t\t\t\t\t\t\t\t\t\t\t\t\t<\/div>\n\t\t\t\t<\/div>\n\t\t\t\t\t<\/div>\n\t\t<\/div>\n\t\t\t\t\t<\/div>\n\t\t<\/section>\n\t\t\t\t<section class=\"elementor-section elementor-top-section elementor-element elementor-element-2178866f elementor-section-items-stretch elementor-section-full_width elementor-section-height-min-height elementor-section-content-middle elementor-reverse-mobile elementor-section-height-default\" data-id=\"2178866f\" data-element_type=\"section\" data-settings=\"{&quot;background_background&quot;:&quot;classic&quot;}\">\n\t\t\t\t\t\t\t<div class=\"elementor-background-overlay\"><\/div>\n\t\t\t\t\t\t\t<div class=\"elementor-container elementor-column-gap-default\">\n\t\t\t\t\t<div class=\"elementor-column elementor-col-33 elementor-top-column elementor-element elementor-element-72a4c56\" data-id=\"72a4c56\" data-element_type=\"column\" data-settings=\"{&quot;background_background&quot;:&quot;classic&quot;}\">\n\t\t\t<div class=\"elementor-widget-wrap elementor-element-populated\">\n\t\t\t\t\t<div class=\"elementor-background-overlay\"><\/div>\n\t\t\t\t\t\t<div class=\"elementor-element elementor-element-64cf21d elementor-widget elementor-widget-spacer\" data-id=\"64cf21d\" data-element_type=\"widget\" data-widget_type=\"spacer.default\">\n\t\t\t\t<div class=\"elementor-widget-container\">\n\t\t\t\t\t<div class=\"elementor-spacer\">\n\t\t\t<div class=\"elementor-spacer-inner\"><\/div>\n\t\t<\/div>\n\t\t\t\t<\/div>\n\t\t\t\t<\/div>\n\t\t\t\t\t<\/div>\n\t\t<\/div>\n\t\t\t\t<div class=\"elementor-column elementor-col-33 elementor-top-column elementor-element elementor-element-5922fa7c\" data-id=\"5922fa7c\" data-element_type=\"column\" data-settings=\"{&quot;background_background&quot;:&quot;classic&quot;}\">\n\t\t\t<div class=\"elementor-widget-wrap elementor-element-populated\">\n\t\t\t\t\t\t<section class=\"elementor-section elementor-inner-section elementor-element elementor-element-5322b075 elementor-section-boxed elementor-section-height-default elementor-section-height-default\" data-id=\"5322b075\" data-element_type=\"section\">\n\t\t\t\t\t\t<div class=\"elementor-container elementor-column-gap-default\">\n\t\t\t\t\t<div class=\"elementor-column elementor-col-50 elementor-inner-column elementor-element elementor-element-4c817800\" data-id=\"4c817800\" data-element_type=\"column\">\n\t\t\t<div class=\"elementor-widget-wrap elementor-element-populated\">\n\t\t\t\t\t\t<div class=\"elementor-element elementor-element-43388cda elementor-widget-divider--view-line elementor-widget elementor-widget-divider\" data-id=\"43388cda\" data-element_type=\"widget\" data-widget_type=\"divider.default\">\n\t\t\t\t<div class=\"elementor-widget-container\">\n\t\t\t\t\t<div class=\"elementor-divider\">\n\t\t\t<span class=\"elementor-divider-separator\">\n\t\t\t\t\t\t<\/span>\n\t\t<\/div>\n\t\t\t\t<\/div>\n\t\t\t\t<\/div>\n\t\t\t\t\t<\/div>\n\t\t<\/div>\n\t\t\t\t<div class=\"elementor-column elementor-col-50 elementor-inner-column elementor-element elementor-element-a0228ee\" data-id=\"a0228ee\" data-element_type=\"column\">\n\t\t\t<div class=\"elementor-widget-wrap elementor-element-populated\">\n\t\t\t\t\t\t<div class=\"elementor-element elementor-element-12bce2a7 envato-kit-138-bracket elementor-widget elementor-widget-heading\" data-id=\"12bce2a7\" data-element_type=\"widget\" data-widget_type=\"heading.default\">\n\t\t\t\t<div class=\"elementor-widget-container\">\n\t\t\t<h3 class=\"elementor-heading-title elementor-size-default\">Zarz\u0105dzanie Projektem<\/h3>\t\t<\/div>\n\t\t\t\t<\/div>\n\t\t\t\t\t<\/div>\n\t\t<\/div>\n\t\t\t\t\t<\/div>\n\t\t<\/section>\n\t\t\t\t<div class=\"elementor-element elementor-element-3ac53002 elementor-widget elementor-widget-heading\" data-id=\"3ac53002\" data-element_type=\"widget\" data-widget_type=\"heading.default\">\n\t\t\t\t<div class=\"elementor-widget-container\">\n\t\t\t<h5 class=\"elementor-heading-title elementor-size-default\">Co mo\u017cemy dla Ciebie zrobi\u0107?<\/h5>\t\t<\/div>\n\t\t\t\t<\/div>\n\t\t\t\t<div class=\"elementor-element elementor-element-65c001df elementor-widget elementor-widget-text-editor\" data-id=\"65c001df\" data-element_type=\"widget\" data-widget_type=\"text-editor.default\">\n\t\t\t\t<div class=\"elementor-widget-container\">\n\t\t\t\t\t\t\t<p>Efektywne zarz\u0105dzanie projektem to dzisiaj klucz do osi\u0105gni\u0119cia sukcesu. Od fazy koncepcyjnej, przez planowanie, wdro\u017cenie i zako\u0144czenie, nadz\u00f3r nad procesem realizacji dowolnego przedsi\u0119wzi\u0119cia warunkuje zadowolenie inwestora oraz bezpo\u015brednio u\u017cytkuj\u0105cych rozwi\u0105zanie podmiot\u00f3w.<\/p>\t\t\t\t\t\t<\/div>\n\t\t\t\t<\/div>\n\t\t\t\t<section class=\"elementor-section elementor-inner-section elementor-element elementor-element-563fecda elementor-section-boxed elementor-section-height-default elementor-section-height-default\" data-id=\"563fecda\" data-element_type=\"section\">\n\t\t\t\t\t\t<div class=\"elementor-container elementor-column-gap-default\">\n\t\t\t\t\t<div class=\"elementor-column elementor-col-100 elementor-inner-column elementor-element elementor-element-d50c188\" data-id=\"d50c188\" data-element_type=\"column\">\n\t\t\t<div class=\"elementor-widget-wrap elementor-element-populated\">\n\t\t\t\t\t\t<div class=\"elementor-element elementor-element-6af4c206 elementor-widget elementor-widget-text-editor\" data-id=\"6af4c206\" data-element_type=\"widget\" data-widget_type=\"text-editor.default\">\n\t\t\t\t<div class=\"elementor-widget-container\">\n\t\t\t\t\t\t\t<p><span class=\"envato-kit-66-orangetext\">01\u00a0<\/span> Koncepcja<\/p>\t\t\t\t\t\t<\/div>\n\t\t\t\t<\/div>\n\t\t\t\t<div class=\"elementor-element elementor-element-7e1b61b6 elementor-widget elementor-widget-text-editor\" data-id=\"7e1b61b6\" data-element_type=\"widget\" data-widget_type=\"text-editor.default\">\n\t\t\t\t<div class=\"elementor-widget-container\">\n\t\t\t\t\t\t\t<p>Faza koncepcyjna &#8211; naszym zdaniem jedna z najwa\u017cniejszych, a cz\u0119sto bardzo niedocenianych faz projektu, kt\u00f3ra nieprawid\u0142owo przeprowadzona mo\u017ce ju\u017c na samym pocz\u0105tku przes\u0105dzi\u0107 o niepowodzeniu ca\u0142ego przedsi\u0119wzi\u0119cia.<\/p>\t\t\t\t\t\t<\/div>\n\t\t\t\t<\/div>\n\t\t\t\t\t<\/div>\n\t\t<\/div>\n\t\t\t\t<div class=\"elementor-column elementor-col-100 elementor-inner-column elementor-element elementor-element-3f091b98\" data-id=\"3f091b98\" data-element_type=\"column\">\n\t\t\t<div class=\"elementor-widget-wrap elementor-element-populated\">\n\t\t\t\t\t\t<div class=\"elementor-element elementor-element-5e31042a elementor-widget elementor-widget-text-editor\" data-id=\"5e31042a\" data-element_type=\"widget\" data-widget_type=\"text-editor.default\">\n\t\t\t\t<div class=\"elementor-widget-container\">\n\t\t\t\t\t\t\t<p><span class=\"envato-kit-66-orangetext\">02\u00a0\u00a0<\/span>Planowanie\u00a0<\/p>\t\t\t\t\t\t<\/div>\n\t\t\t\t<\/div>\n\t\t\t\t<div class=\"elementor-element elementor-element-67b3299d elementor-widget elementor-widget-text-editor\" data-id=\"67b3299d\" data-element_type=\"widget\" data-widget_type=\"text-editor.default\">\n\t\t\t\t<div class=\"elementor-widget-container\">\n\t\t\t\t\t\t\t<p>Planowanie to nie tylko potrzeba umieszczenia projektu w ramach czasowych i rozlokowanie dost\u0119pnych zasob\u00f3w, ale te\u017c pr\u00f3ba zaadresowania wszelkich przeszk\u00f3d, kt\u00f3re wynik\u0142y z przeprowadzonych analiz, a czasami r\u00f3wnie\u017c sporz\u0105dzenia &#8222;planu B&#8221;.<\/p>\t\t\t\t\t\t<\/div>\n\t\t\t\t<\/div>\n\t\t\t\t\t<\/div>\n\t\t<\/div>\n\t\t\t\t\t<\/div>\n\t\t<\/section>\n\t\t\t\t<section class=\"elementor-section elementor-inner-section elementor-element elementor-element-4df88bbd elementor-section-boxed elementor-section-height-default elementor-section-height-default\" data-id=\"4df88bbd\" data-element_type=\"section\">\n\t\t\t\t\t\t<div class=\"elementor-container elementor-column-gap-default\">\n\t\t\t\t\t<div class=\"elementor-column elementor-col-100 elementor-inner-column elementor-element elementor-element-7ef4f0e8\" data-id=\"7ef4f0e8\" data-element_type=\"column\">\n\t\t\t<div class=\"elementor-widget-wrap elementor-element-populated\">\n\t\t\t\t\t\t<div class=\"elementor-element elementor-element-2a79eea5 elementor-widget elementor-widget-text-editor\" data-id=\"2a79eea5\" data-element_type=\"widget\" data-widget_type=\"text-editor.default\">\n\t\t\t\t<div class=\"elementor-widget-container\">\n\t\t\t\t\t\t\t<p><span class=\"envato-kit-66-orangetext\">03\u00a0\u00a0<\/span>Wdro\u017cenie<\/p>\t\t\t\t\t\t<\/div>\n\t\t\t\t<\/div>\n\t\t\t\t<div class=\"elementor-element elementor-element-6f5097eb elementor-widget elementor-widget-text-editor\" data-id=\"6f5097eb\" data-element_type=\"widget\" data-widget_type=\"text-editor.default\">\n\t\t\t\t<div class=\"elementor-widget-container\">\n\t\t\t\t\t\t\t<p>Teoretycznie naj\u0142atwiejsza faza, w kt\u00f3rej &#8222;po prostu realizujemy&#8221; to to wcze\u015bniej zosta\u0142o zaplanowane. Praktycznie to tu dzieje si\u0119 najwi\u0119cej nieprzewidzianych rzeczy, kt\u00f3re potrafi\u0105 je\u017cy\u0107 w\u0142os na g\u0142owie najbardziej opanowanego manager&#8217;a projektu.<\/p>\t\t\t\t\t\t<\/div>\n\t\t\t\t<\/div>\n\t\t\t\t\t<\/div>\n\t\t<\/div>\n\t\t\t\t<div class=\"elementor-column elementor-col-100 elementor-inner-column elementor-element elementor-element-45a31a82\" data-id=\"45a31a82\" data-element_type=\"column\">\n\t\t\t<div class=\"elementor-widget-wrap elementor-element-populated\">\n\t\t\t\t\t\t<div class=\"elementor-element elementor-element-ce90cc5 elementor-widget elementor-widget-text-editor\" data-id=\"ce90cc5\" data-element_type=\"widget\" data-widget_type=\"text-editor.default\">\n\t\t\t\t<div class=\"elementor-widget-container\">\n\t\t\t\t\t\t\t<p><span class=\"envato-kit-66-orangetext\">04\u00a0<\/span> Zako\u0144czenie<\/p>\t\t\t\t\t\t<\/div>\n\t\t\t\t<\/div>\n\t\t\t\t<div class=\"elementor-element elementor-element-74a19393 elementor-widget elementor-widget-text-editor\" data-id=\"74a19393\" data-element_type=\"widget\" data-widget_type=\"text-editor.default\">\n\t\t\t\t<div class=\"elementor-widget-container\">\n\t\t\t\t\t\t\t<p>Szampan, gratulacje i u\u015bciski r\u0105k? Z BeatSoft jak najbardziej, ale faza zako\u0144czenia to te\u017c rozliczenie efekt\u00f3w projektu i w zale\u017cno\u015bci od jego rodzaju uruchomienie produkcji seryjnej, uruchomienie docelowej wersji aplikacji, ale r\u00f3wnie\u017c zako\u0144czenie cyklu \u017cycia produktu.<\/p>\t\t\t\t\t\t<\/div>\n\t\t\t\t<\/div>\n\t\t\t\t\t<\/div>\n\t\t<\/div>\n\t\t\t\t\t<\/div>\n\t\t<\/section>\n\t\t\t\t<div class=\"elementor-element elementor-element-21e97fd4 elementor-widget elementor-widget-spacer\" data-id=\"21e97fd4\" data-element_type=\"widget\" data-widget_type=\"spacer.default\">\n\t\t\t\t<div class=\"elementor-widget-container\">\n\t\t\t\t\t<div class=\"elementor-spacer\">\n\t\t\t<div class=\"elementor-spacer-inner\"><\/div>\n\t\t<\/div>\n\t\t\t\t<\/div>\n\t\t\t\t<\/div>\n\t\t\t\t<div class=\"elementor-element elementor-element-111ebd53 elementor-widget elementor-widget-spacer\" data-id=\"111ebd53\" data-element_type=\"widget\" data-widget_type=\"spacer.default\">\n\t\t\t\t<div class=\"elementor-widget-container\">\n\t\t\t\t\t<div class=\"elementor-spacer\">\n\t\t\t<div class=\"elementor-spacer-inner\"><\/div>\n\t\t<\/div>\n\t\t\t\t<\/div>\n\t\t\t\t<\/div>\n\t\t\t\t\t<\/div>\n\t\t<\/div>\n\t\t\t\t<div class=\"elementor-column elementor-col-33 elementor-top-column elementor-element elementor-element-4fc0e95\" data-id=\"4fc0e95\" data-element_type=\"column\" data-settings=\"{&quot;background_background&quot;:&quot;classic&quot;}\">\n\t\t\t<div class=\"elementor-widget-wrap elementor-element-populated\">\n\t\t\t\t\t\t<div class=\"elementor-element elementor-element-a5f6cce elementor-widget elementor-widget-spacer\" data-id=\"a5f6cce\" data-element_type=\"widget\" data-widget_type=\"spacer.default\">\n\t\t\t\t<div class=\"elementor-widget-container\">\n\t\t\t\t\t<div class=\"elementor-spacer\">\n\t\t\t<div class=\"elementor-spacer-inner\"><\/div>\n\t\t<\/div>\n\t\t\t\t<\/div>\n\t\t\t\t<\/div>\n\t\t\t\t\t<\/div>\n\t\t<\/div>\n\t\t\t\t\t<\/div>\n\t\t<\/section>\n\t\t\t\t<section class=\"elementor-section elementor-top-section elementor-element elementor-element-54c5167 elementor-section-content-middle elementor-section-stretched elementor-section-height-min-height elementor-section-items-stretch elementor-section-boxed elementor-section-height-default\" data-id=\"54c5167\" data-element_type=\"section\" data-settings=\"{&quot;background_background&quot;:&quot;classic&quot;,&quot;stretch_section&quot;:&quot;section-stretched&quot;}\">\n\t\t\t\t\t\t\t<div class=\"elementor-background-overlay\"><\/div>\n\t\t\t\t\t\t\t<div class=\"elementor-container elementor-column-gap-default\">\n\t\t\t\t\t<div class=\"elementor-column elementor-col-100 elementor-top-column elementor-element elementor-element-4ee841b9\" data-id=\"4ee841b9\" data-element_type=\"column\" data-settings=\"{&quot;background_background&quot;:&quot;classic&quot;}\">\n\t\t\t<div class=\"elementor-widget-wrap elementor-element-populated\">\n\t\t\t\t\t<div class=\"elementor-background-overlay\"><\/div>\n\t\t\t\t\t\t<div class=\"elementor-element elementor-element-5a9cef5c envato-kit-138-bracket elementor-widget elementor-widget-heading\" data-id=\"5a9cef5c\" data-element_type=\"widget\" data-widget_type=\"heading.default\">\n\t\t\t\t<div class=\"elementor-widget-container\">\n\t\t\t<h3 class=\"elementor-heading-title elementor-size-default\">Zapraszamy do kontaktu<\/h3>\t\t<\/div>\n\t\t\t\t<\/div>\n\t\t\t\t<div class=\"elementor-element elementor-element-2285b309 elementor-widget elementor-widget-heading\" data-id=\"2285b309\" data-element_type=\"widget\" data-widget_type=\"heading.default\">\n\t\t\t\t<div class=\"elementor-widget-container\">\n\t\t\t<h2 class=\"elementor-heading-title elementor-size-default\">Czekamy na Ciebie!<\/h2>\t\t<\/div>\n\t\t\t\t<\/div>\n\t\t\t\t<div class=\"elementor-element elementor-element-14b7e797 elementor-widget-divider--view-line elementor-widget elementor-widget-divider\" data-id=\"14b7e797\" data-element_type=\"widget\" data-widget_type=\"divider.default\">\n\t\t\t\t<div class=\"elementor-widget-container\">\n\t\t\t\t\t<div class=\"elementor-divider\">\n\t\t\t<span class=\"elementor-divider-separator\">\n\t\t\t\t\t\t<\/span>\n\t\t<\/div>\n\t\t\t\t<\/div>\n\t\t\t\t<\/div>\n\t\t\t\t<div class=\"elementor-element elementor-element-4e9dc980 elementor-widget elementor-widget-text-editor\" data-id=\"4e9dc980\" data-element_type=\"widget\" data-widget_type=\"text-editor.default\">\n\t\t\t\t<div class=\"elementor-widget-container\">\n\t\t\t\t\t\t\t<p>Skontaktuj si\u0119 z nami. To nic nie kosztuje!<\/p><p>Postaramy si\u0119 dobra\u0107 rozwi\u0105zanie najlepiej pasuj\u0105ce do Twoich wymaga\u0144.<\/p><p>Jeste\u015bmy m\u0142odym, dynamicznym zespo\u0142em i nie boimy si\u0119 \u017cadnych wyzwa\u0144!<\/p>\t\t\t\t\t\t<\/div>\n\t\t\t\t<\/div>\n\t\t\t\t<div class=\"elementor-element elementor-element-38e30176 elementor-tablet-align-center elementor-align-center elementor-widget elementor-widget-button\" data-id=\"38e30176\" data-element_type=\"widget\" data-widget_type=\"button.default\">\n\t\t\t\t<div class=\"elementor-widget-container\">\n\t\t\t\t\t<div class=\"elementor-button-wrapper\">\n\t\t\t<a class=\"elementor-button elementor-button-link elementor-size-md\" href=\"http:\/\/beatsoft.eu\/#kontakt\">\n\t\t\t\t\t\t<span class=\"elementor-button-content-wrapper\">\n\t\t\t\t\t\t\t\t\t<span class=\"elementor-button-text\">Kontakt<\/span>\n\t\t\t\t\t<\/span>\n\t\t\t\t\t<\/a>\n\t\t<\/div>\n\t\t\t\t<\/div>\n\t\t\t\t<\/div>\n\t\t\t\t\t<\/div>\n\t\t<\/div>\n\t\t\t\t\t<\/div>\n\t\t<\/section>\n\t\t\t\t<\/div>\n\t\t","protected":false},"excerpt":{"rendered":"<p>Wszystko jest projektem Zarz\u0105dzanie projektem Niezale\u017cnie czy jeste\u015b ma\u0142ym, \u015brednim lub du\u017cym przedsi\u0119biorstwem. Dzia\u0142asz w sektorze publicznym czy prywatnym. Jeste\u015b firm\u0105 produkcyjn\u0105 lub us\u0142ugow\u0105. BeatSoft dzi\u0119ki do\u015bwiadczeniu i wiedzy przeprowadzi Ci\u0119 przez wszystkie etapy projektu i pomo\u017ce w osi\u0105gni\u0119ciu ko\u0144cowego sukcesu. Zarz\u0105dzanie Projektem Co mo\u017cemy dla Ciebie zrobi\u0107? Efektywne zarz\u0105dzanie projektem to dzisiaj klucz do osi\u0105gni\u0119cia sukcesu. Od fazy koncepcyjnej, przez planowanie, wdro\u017cenie i zako\u0144czenie, nadz\u00f3r nad procesem realizacji dowolnego przedsi\u0119wzi\u0119cia warunkuje zadowolenie inwestora oraz bezpo\u015brednio u\u017cytkuj\u0105cych rozwi\u0105zanie podmiot\u00f3w. 01&nbsp; Koncepcja Faza koncepcyjna &#8211; naszym zdaniem jedna z najwa\u017cniejszych, a cz\u0119sto bardzo niedocenianych faz projektu, kt\u00f3ra nieprawid\u0142owo przeprowadzona mo\u017ce ju\u017c na samym pocz\u0105tku przes\u0105dzi\u0107 o niepowodzeniu ca\u0142ego przedsi\u0119wzi\u0119cia. 02&nbsp;&nbsp;Planowanie&nbsp; Planowanie to nie tylko potrzeba umieszczenia projektu w ramach czasowych i rozlokowanie dost\u0119pnych zasob\u00f3w, ale te\u017c pr\u00f3ba zaadresowania wszelkich przeszk\u00f3d, kt\u00f3re wynik\u0142y z przeprowadzonych analiz, a czasami r\u00f3wnie\u017c sporz\u0105dzenia &#8222;planu B&#8221;. 03&nbsp;&nbsp;Wdro\u017cenie Teoretycznie naj\u0142atwiejsza faza, w kt\u00f3rej &#8222;po prostu realizujemy&#8221; to&hellip;<\/p>\n<p> <a class=\"more-link\" href=\"https:\/\/beatsoft.eu\/index.php\/zarzadzanie-projektem\/\">Dowiedz si\u0119 wi\u0119cej<\/a><\/p>\n","protected":false},"author":1,"featured_media":0,"parent":0,"menu_order":0,"comment_status":"closed","ping_status":"closed","template":"elementor_header_footer","meta":{"footnotes":""},"class_list":["post-514","page","type-page","status-publish"],"_links":{"self":[{"href":"https:\/\/beatsoft.eu\/index.php\/wp-json\/wp\/v2\/pages\/514"}],"collection":[{"href":"https:\/\/beatsoft.eu\/index.php\/wp-json\/wp\/v2\/pages"}],"about":[{"href":"https:\/\/beatsoft.eu\/index.php\/wp-json\/wp\/v2\/types\/page"}],"author":[{"embeddable":true,"href":"https:\/\/beatsoft.eu\/index.php\/wp-json\/wp\/v2\/users\/1"}],"replies":[{"embeddable":true,"href":"https:\/\/beatsoft.eu\/index.php\/wp-json\/wp\/v2\/comments?post=514"}],"version-history":[{"count":0,"href":"https:\/\/beatsoft.eu\/index.php\/wp-json\/wp\/v2\/pages\/514\/revisions"}],"wp:attachment":[{"href":"https:\/\/beatsoft.eu\/index.php\/wp-json\/wp\/v2\/media?parent=514"}],"curies":[{"name":"wp","href":"https:\/\/api.w.org\/{rel}","templated":true}]}}